is -60031 - 11?
-60042
In base 3, what is -1000020202210 - 121210?
-1000021101120
In base 3, what is -2 - -2212000222221200?
2212000222221121
In base 12, what is -1550 + -7b63?
-94b3
In base 12, what is 147b1 + 119b?
15990
In base 6, what is -1 + -33323524?
-33323525
In base 15, what is -a2 + -123062?
-123114
In base 5, what is 10 - 23402340?
-23402330
In base 9, what is -5140 + -5566?
-11716
In base 14, what is 44109c0 + -3?
44109bb
In base 7, what is 3533562322 - 5?
3533562314
In base 11, what is -45905 - -52?
-45863
In base 15, what is 2 - 21a2804?
-21a2802
In base 11, what is 504 + -53485?
-52a81
In base 12, what is -3 + -38a21864?
-38a21867
In base 3, what is 221 + -10001021101000?
-10001021100002
In base 12, what is 23 + -1152335?
-1152312
In base 7, what is -2 + 13363444?
13363442
In base 6, what is -231235230 - -24?
-231235202
In base 14, what is 4 + -aa2b80?
-aa2b7a
In base 8, what is -2 - 47270323?
-47270325
In base 6, what is -15041122 - 115?
-15041241
In base 5, what is 130 - -2020433231?
2020433411
In base 9, what is -727 + 23360?
22532
In base 15, what is -39 + -139e189?
-139e1c3
In base 8, what is -14122 - 4200?
-20322
In base 12, what is -9 + -5521010?
-5521019
In base 11, what is -5195823 + 29?
-51957a5
In base 13, what is -83006a7 - 3?
-83006aa
In base 7, what is 155146004 + 24?
155146031
In base 5, what is -34442400 + -122?
-34443022
In base 8, what is 5003401 + -302?
5003077
In base 6, what is 244435432 - -21?
244435453
In base 5, what is -1234214233 + 0?
-1234214233
In base 10, what is -11842090 + 2?
-11842088
In base 13, what is 5504 + -39?
5498
In base 7, what is -42 + -215051150?
-215051222
In base 6, what is 20 + 21315031?
21315051
In base 9, what is 27868 - -33?
28012
In base 2, what is 101 + 111001010110110010111101101?
111001010110110010111110010
In base 11, what is 775717 - 3?
775714
In base 12, what is 1696a + -6a3?
16287
In base 12, what is -13445843 - -3?
-13445840
In base 14, what is d2adc - c?
d2ad0
In base 9, what is -147 + 813201?
813043
In base 14, what is 1d339d - -7?
1d33a6
In base 11, what is 3 - -189426?
189429
In base 8, what is 16256 + 1160?
17436
In base 2, what is 11010001001001 + -1101100?
11001111011101
In base 5, what is 4 - -133130114130?
133130114134
In base 5, what is -413134201420 - 10?
-413134201430
In base 15, what is 1acb64 + 36?
1acb9a
In base 12, what is -5682 + -38a?
-5a50
In base 8, what is 254160323 + 7?
254160332
In base 10, what is 77576211 - 4?
77576207
In base 6, what is 124 + 4112555?
4113123
In base 9, what is 686 - 352885?
-352188
In base 16, what is -430 - -3efb?
3acb
In base 11, what is 3 - 18341022?
-1834101a
In base 13, what is -1a + 1549b?
15481
In base 13, what is 194 + 239207?
23939b
In base 10, what is 827538 - 6?
827532
In base 2, what is -100001111101 - 1011100001110101?
-1100000011110010
In base 8, what is 125 + 24163157?
24163304
In base 12, what is -485 + -5a85?
-634a
In base 8, what is -236356 + -21?
-236377
In base 9, what is -66644883 - -12?
-66644871
In base 11, what is 377 - 27a?
a8
In base 10, what is -5244 - 802?
-6046
In base 13, what is 7b32170 + 6?
7b32176
In base 14, what is 0 - -319bdca?
319bdca
In base 10, what is -1 - -43756?
43755
In base 2, what is -100 + 100011111000110101010111001?
100011111000110101010110101
In base 6, what is 2023424135 - 1?
2023424134
In base 9, what is 14643402 - 2?
14643400
In base 16, what is -655fe6 - -2?
-655fe4
In base 13, what is -62458 - -10?
-62448
In base 13, what is a044482 - -5?
a044487
In base 16, what is -19867fb2 - 5?
-19867fb7
In base 16, what is 24 - 39408?
-393e4
In base 5, what is -341013 - 22114?
-413132
In base 4, what is -11 - 13123213133?
-13123213210
In base 15, what is -38c - -1127?
c8a
In base 5, what is -10411 + 1023340?
1012424
In base 10, what is 27 - -560785?
560812
In base 9, what is -2076386762 + -5?
-2076386767
In base 13, what is b6 - a421?
-a338
In base 8, what is -3651261 - 1172?
-3652453
In base 3, what is 120111101112102 - -1112?
120111101120221
In base 10, what is -335 + 49438?
49103
In base 5, what is 334330341024 + 4?
334330341033
In base 13, what is -76665 - 2?
-76667
In base 15, what is 2bdda - 128?
2bcb2
In base 11, what is -1 - 13a3495?
-13a3496
In base 5, what is -4 + 23234201?
23234142
In base 3, what is -102100210 - 210121?
-110011101
In base 3, what is 10100 + 1221100112121?
1221100122221
In base 13, what is -6c858 + 2bc?
-6c569
In base 2, what is 101010011000101001111001 - 10?
101010011000101001110111
In base 11, what is -3 - 1494488?
-1494490
In base 9, what is 3 + -1727621?
-1727617
In base 10, what is 28498626 + 0?
28498626
In base 5, what is -221420 - 4334?
-231304
In base 7, what is -414235624 + 2?
-414235622
In base 7, what is 463566 + -202?
463364
In base 14, what is 147b3a + -93?
147a87
In base 14, what is -5523 + 4d?
-54b4
In base 13, what is -1ccb3b0 - -2b?
-1ccb382
In base 5, what is -211141 - 1443034?
-2204230
In base 15, what is 0 - -10421a?
10421a
In base 7, what is -6 - 224564564?
-224564603
In base 8, what is 2313 - 3053205?
-3050672
In base 8, what is 247 - -3540160?
3540427
In base 4, what is 10 - 3132021031332?
-3132021031322
In base 15, what is -4 + 248a52d?
248a529
In base 9, what is -152757 - 127?
-152885
In base 5, what is -1421214240121 - 4?
-1421214240130
In base 10, what is -10199 + 28061?
17862
In base 4, what is 32101 + -12000222110?
-12000130003
In base 3, what is -2 - -10212202221101?
10212202221022
In base 15, what is 4ade7 - -5?
4adec
In base 13, what is 2 - 52047b?
-520479
In base 15, what is 4 - 54a44a?
-54a446
In base 15, what is -29ede - 108c?
-2b07b
In base 12, what is 3 - 515b6aa?
-515b6a7
In base 14, what is -3 + 121bd5a?
121bd57
In base 4, what is 1003102 - -23033?
1032201
In base 16, what is -2c - -528be9?
528bbd
In base 15, what is 124ced4 + 4?
124ced8
In base 6, what is 14330 - 32415?
-14045
In base 2, what is 1010011111000 - 10011010111?
1000000100001
In base 6, what is -2504541 + 1504?
-2503033
In base 5, what is -2 - -44212311?
44212304
In base 13, what is 10041 + -2c2?
ca4c
In base 12, what is -4 + -139542a8?
-139542b0
In base 14, what is 10c - -4b34?
4c42
In base 6, what is 50340341202 - -4?
50340341210
In base 8, what is -5455 + 1711?
-3544
In base 13, what is -699c + 419?
-6583
In base 5, what is -1132 - -231423322?
231422140
In base 2, what is -11011011110010010100010000000 - 101?
-11011011110010010100010000101
In base 11, what is -3342 - 3486?
-6818
In base 7, what is 135 + 14660523?
14660661
In base 9, what is -1 - -1100562?
1100561
In base 14, what is -272a49 - 1d5?
-272c40
In base 8, what is 10764 + 66270?
77254
In base 10, what is 11661 - 74?
11587
In base 12, what is -1035 - -685b9?
67584
In base 5, what is -111413334042 - 3?
-111413334100
In base 14, what is -127a6 + 38?
-1276c
In base 9, what is -60 - -2507825?
2507755
In base 5, what is 102 + -40024014?
-40023412
In base 9, what is -78537 - 106?
-78644
In base 14, what is a9 - -263d1?
2649a
In base 6, what is 3 + -2415431423?
-2415431420
In base 11, what is 202785 + 77?
202851
In base 3, what is 2202200 - 1022011222?
-1012102022
In base 3, what is 1 + 110000202010?
110000202011
In base 16, what is -14e7ea4 - 2?
-14e7ea6
In base 12, what is -3 + -1a22b239?
-1a22b240
In base 7, what is -5526161 + 0?
-5526161
In base 8, what is 20661116 - 34?
20661062
In base 10, what is -24768 - 2682?
-27450
In base 7, what is -2310201 - -1?
-2310200
In base 7, what is -453556616 + -2?
-453556621
In base 10, what is 2082951 - -1?
2082952
In base 11, what is 495060918 - -2?
49506091a
In base 6, what is 332 + 2432115?
2432451
In base 11, what is 2a8 - 834484?
-834187
In base 15, what is -193143 + -131?
-193274
In base 13, what is -35a - -523c4?
52067
In base 7, what is -1 - 265565455?
-265565456
In base 10, what is -4732931 + 16?
-4732915
In base 15, what is 36a178 + -1?
36a177
In base 12, what is -373 - -22981?
2260a
In base 12, what is -3 + -6056082?
-6056085
In base 13, what is 99755 + 5?
9975a
In base 7, what is 1021 - -5350636?
5351660
In base 2, what is 100011001110 + 10110010001110011?
10110110101000001
In base 6, what is 541051034 + -4?
541051030
In base 5, what is 124430310 + 1210?
124432020
In base 13, what is -7197870 + -10?
-7197880
In base 8, what is 56171761 + 6?
56171767